3) is divided by 51?
48
Let b(h) = 5*h**2 - h - 8. Let q be -1 - 2/(-8) - (-140)/16. Suppose q*v - 3*v - 10 = 0. Calculate the remainder when 32 is divided by b(v).
2
Suppose 980*w = 840*w + 3640. Calculate the remainder when 6808 is divided by w.
22
Suppose -3*q + 10 = 2*o, 5*q - 2*o - 60 + 22 = 0. Suppose 2*y - q*y + 56 = 0. Calculate the remainder when 37 is divided by y.
9
Suppose o = -5*w + 213, -4*w = -3*o + 4*o - 170. Let m(h) = h**2 + 7*h + 13. Let c be m(-6). What is the remainder when w is divided by c/21 - (-64)/6?
10
Let s(u) = 1. Let c(b) = 6*b + 56. Let z(f) = -c(f) + 12*s(f). Let x(l) = -l**3 - 7*l**2 - 2*l - 3. What is the remainder when z(-10) is divided by x(-7)?
5
Let k(n) = n**3 - 34*n**2 - 72*n + 44. What is the remainder when 1757 is divided by k(36)?
41
Let b = -270 - -275. Suppose -b*a + 5*d - 4*d + 235 = 0, -2*a + 82 = 2*d. What is the remainder when a is divided by 15?
1
Let a = 207 + -235. Calculate the remainder when 1049 is divided by (-9)/(-12) + 0 - 1939/a.
69
Suppose -4*b + 113*r + 5421 = 112*r, 0 = 5*b + 3*r - 6789. What is the remainder when b is divided by 23?
22
What is the remainder when ((-4)/56*1744*-7)/1 is divided by 171?
17
Suppose 0 = -5*j + 9 + 1. Suppose 47 = 3*b + j*c - 0*c, -3*b = -2*c - 43. What is the remainder when 84/2 - 0/(-4 + 5) is divided by b?
12
Suppose -37*i + 576 = -61*i - 40*i. Let s(o) = 6*o**2 - 7*o - 2*o**3 + 3*o**2 + 10 + 3*o**3. What is the remainder when s(i) is divided by 15?
13
Suppose 0 - 4 = -2*z. Suppose 9*n + z = 11*n, -2*x - 2*n + 30 = 0. What is the remainder when 151 is divided by x?
11
Let o(j) = j**3 + j**2 + 67. Let i = -20 + 16. Let c(w) = 2*w**2 + 5*w + 2. Calculate the remainder when o(0) is divided by c(i).
11
Suppose 737*b - 33 = -3*m + 741*b, -15 = -5*b. Calculate the remainder when 35 is divided by m.
5
Let n = 0 + 4. Let c(y) = y**3 + y**2 + 2*y - 3. What is the remainder when c(n) is divided by -11 + (-225)/(-20) - (-348)/16?
19
Suppose -5*z - 140 = -5*k, 431*z - 427*z = -3*k + 98. What is the remainder when 1137 is divided by k?
27
Let b = 295 - 291. Let u(h) = 2*h + 15. Let g be u(7). Suppose b*y - g = 71. What is the remainder when y is divided by 13?
12
Suppose 0 = 5*o - 3*a - 737, 4*a - 499 - 65 = -4*o. Calculate the remainder when 870 is divided by o.
0
Let k(m) = 8*m**2 + 16*m + 49. Calculate the remainder when k(11) is divided by 71.
57
Suppose 3*a + 18 = 27. Suppose 16 = a*n - 248. Calculate the remainder when 43 is divided by (n/(-7))/4*-7.
21
Suppose 0 = 5*s + 20, -2*y - 34*s = -29*s - 704. Calculate the remainder when 1450 is divided by y.
2
Let g be ((-18)/(-45))/(2/(-10)). Suppose -4*c + 4*x + 140 = 0, 3*c + 7*x - 9*x - 103 = 0. What is the remainder when (6/(-18))/(g/582) is divided by c?
31
Suppose -24 = 2*k + 12*y - 16*y, 5*k + 24 = y. What is the remainder when ((-28)/4 + k)/((-1)/11) is divided by 42?
37
Let b be -1*2*(5 + -7). Suppose -4*i - 3*y = -232, i - 2*y - 63 = -b*y. Let v(j) = -4*j - 1. What is the remainder when i is divided by v(-5)?
17
Let x = -2362 - -2378. What is the remainder when 637 is divided by x?
13
Suppose -w - 2*w - 50 = 4*q, -q = 5*w + 55. Let g = w - -30. Suppose 0 = 4*s - 56 + g. Calculate the remainder when 41 is divided by s.
5
Let x = 15 + -9. Let w(i) = -29*i + 16*i - 9 + 20*i. What is the remainder when w(x) is divided by 9?
6
Calculate the remainder when -1*(-7 + 2553/(-15))*(-2 + 7) is divided by 53.
38
Suppose 35*p = -14*p + 9*p + 16160. Calculate the remainder when p is divided by 57.
5
Let a(s) = 135*s**3 + 4*s**2 - 11*s + 2. Calculate the remainder when a(2) is divided by 72.
68
Let i be (-2 + (0 - 0))/(16/(-128)). What is the remainder when i*2/12*(41 - -4) is divided by 25?
20
Let l(u) = -90*u - 1137. What is the remainder when 954 is divided by l(-13)?
30
Let u(f) = f**3 - 3*f**2 - 2*f - 4. Suppose 20*v - 14 = 23*v + i, 0 = 5*v - 4*i + 12. Calculate the remainder when u(6) is divided by (-19 - -50) + -3 + v.
20
Let b(r) be the second derivative of r**4/12 - 5*r**3/3 + 34*r**2 + 76*r + 1. Calculate the remainder when b(15) is divided by 29.
27
Let f be 9/6*7276/(-51). Let j = f + 301. What is the remainder when j is divided by 21?
3
Let f = -637 - -648. Suppose -161 = -f*v + 851. What is the remainder when 285 is divided by v?
9
Suppose 454 + 246 = -50*r. Let j(g) = -2*g**3 - 4*g**2 - g - 2. Let y be j(-3). Let n = r + y. Calculate the remainder when 23 is divided by n.
3
Let h(v) = 9*v**3 + 26*v**2 - 45*v + 9. Calculate the remainder when h(2) is divided by 10.
5
Suppose -4*w + 77 = -291. Suppose w = 8*j - 100. Let m = 18 - -25. What is the remainder when m is divided by j?
19
Let h be -6 + 2 + (-8)/(2 + -4). Suppose 4*l + 4*o - 100 = h, 2*o + 17 = -l + 46. What is the remainder when 125 is divided by l?
20
Let o be (-12)/21 + (-388)/7. Let y = -53 - o. Suppose y*x + 0*f + f - 45 = 0, -2*f - 70 = -4*x. Calculate the remainder when 61 is divided by x.
13
What is the remainder when ((-11)/11)/((-3)/(-21)) - -409 - 5 is divided by 168?
61
Suppose 0 = -7*w + 4*o + 1422, -5*w + 11*o - 6*o = -1005. Calculate the remainder when w is divided by 177.
29
Suppose -s - 53 = -3*k, -3*k + 4*s = -s - 37. Suppose -5*h + 10 = 4*x - k, 41 = 4*x + h. Calculate the remainder when 30 is divided by x.
8
Let a = -3346 + 3420. Calculate the remainder when 202 is divided by a.
54
Suppose 5*h - 27 - 169 = p, 0 = 4*h - 20. Let z = -162 - p. Let m(g) = -34*g + 1. Calculate the remainder when m(-1) is divided by z.
8
Let j = 50 - 32. Let h(o) = -2*o**3 - 14*o**2 - 46*o - 423. Calculate the remainder when h(-8) is divided by j.
1
Let k(h) = -h**2 + 20*h - 332 + 455 - 159. Let i(p) = 4*p + 1. Let x be i(4). Calculate the remainder when 72 is divided by k(x).
12
Let m be 14/(-4)*(7 + 27). Let s = 172 + m. Calculate the remainder when s is divided by 16.
5
Suppose 4547 + 6333 = 40*p. Suppose -15*r = r - p. What is the remainder when 120 is divided by r?
1
What is the remainder when 5164 is divided by (-140)/(-56)*20 + (-8)/1?
40
Let g(h) = 2*h**3 - 7*h - 4. Let n be 3/(-2 - (6 + -9)). What is the remainder when 81 is divided by g(n)?
23
Let s = 641 + -661. What is the remainder when (72/s*6)/(2/(-5)) is divided by (0 - 2) + 0 + 21?
16
Let v be (14/10 - 1)*(-15)/(-2). Suppose 3*t + k - 18 - 218 = 0, -3*k = -v*t + 216. Calculate the remainder when t is divided by 13.
12
Let q(l) = -2*l**2 + 5*l + 6. Let u be q(3). Suppose -5*k + 200 = -2*m, 0 = 5*m + 22 + u. Calculate the remainder when k is divided by 10.
8
Let g = 1578 + -1264. What is the remainder when 324 is divided by g?
10
Let d = 14 - 7. Calculate the remainder when d is divided by (((-15)/4)/(-3))/((-70)/(-280)).
2
Let r = 252 + -252. Let i(s) = s**3 + 2*s**2 + s + 25. What is the remainder when i(r) is divided by 18?
7
Suppose 372*y = 370*y + 218. Suppose -5*w - 7 = -12, 0 = s - 2*w - y. Calculate the remainder when s is divided by 28.
27
Suppose 6*r = 259 - 67. Let p(u) be the third derivative of u**5/30 - 5*u**3/6 + 12*u**2. Calculate the remainder when r is divided by p(3).
6
Suppose -101 = -9*z - 65. What is the remainder when 163 is divided by z?
3
Suppose g + 1 = 8*u - 9*u, -3*u = 5*g + 9. Calculate the remainder when 39 is divided by g + 22/(-2)*(-5 - -4).
7
Suppose -a = -f + 965, -438 = -5*f - 5*a + 4337. Let k = -874 + f. What is the remainder when k is divided by 18?
14
Let q be 1255*(-1 + -2 - (-65)/25). Let f = -272 - q. Calculate the remainder when f is divided by 33.
32
Suppose 1938*i = 1932*i + 108. Calculate the remainder when 1/(-8) - (-3848)/64 is divided by i.
6
Suppose 77 + 80 = w - 5*x, -2*x = -6. What is the remainder when w is divided by 128?
44
Let g(r) = -17*r + 6. Let s be g(-3). Let p = s - 52. Suppose 0 = -5*v + 4*u + 901, 3*v + 2*v - 905 = p*u. What is the remainder when v is divided by 36?
33
What is the remainder when ((-867)/(-6))/((-1)/2)*(-128 - -91) is divided by 93?
91
Let q be (3 - 4 - (32 - 0)) + -3. Let o be (-552)/q + 1/(-3). What is the remainder when (-6)/o + (-432)/(-5) is divided by 29?
28
Suppose -990 = -3*q + 3*p, 3 = 2*p - 3. Calculate the remainder when q is divided by 71.
49
Let w = 0 - -1. Let y(u) = -20*u**2 + 102*u - 84. What is the remainder when y(4) is divided by ((-1)/(-3))/(w/6)?
0
Let o be 0/(-1 - (1 + 2)). Let j